 of 7?
True
Is 182 a factor of 90636?
True
Is 1204 a multiple of 32?
False
Does 75 divide 20850?
True
Is 4 a factor of 21580?
True
Is 32 a factor of 1128?
False
Does 5 divide 930?
True
Does 24 divide 1992?
True
Is 26558 a multiple of 98?
True
Is 19 a factor of 4404?
False
Is 23 a factor of 2592?
False
Is 1339 a multiple of 7?
False
Is 71 a factor of 114408?
False
Does 40 divide 371?
False
Does 354 divide 68099?
False
Is 31524 a multiple of 111?
True
Does 23 divide 18478?
False
Is 336 a multiple of 12?
True
Is 85 a multiple of 17?
True
Does 10 divide 40660?
True
Is 7057 a multiple of 129?
False
Is 12 a factor of 828?
True
Is 20 a factor of 1381?
False
Is 5166 a multiple of 123?
True
Does 9 divide 101466?
True
Is 1439 a multiple of 96?
False
Does 17 divide 476?
True
Is 2849 a multiple of 13?
False
Is 7 a factor of 24129?
True
Is 2176 a multiple of 35?
False
Does 5 divide 350?
True
Does 11 divide 8676?
False
Does 50 divide 729?
False
Is 52 a factor of 141?
False
Is 14 a factor of 2688?
True
Does 47 divide 11280?
True
Does 41 divide 12909?
False
Is 14 a factor of 49863?
False
Is 1075 a multiple of 43?
True
Is 7 a factor of 513?
False
Is 783 a multiple of 23?
False
Is 17 a factor of 1466?
False
Is 27 a factor of 135?
True
Is 23550 a multiple of 25?
True
Does 18 divide 938?
False
Is 9395 a multiple of 81?
False
Does 94 divide 10198?
False
Is 26 a factor of 14950?
True
Does 75 divide 37575?
True
Is 4420 a multiple of 20?
True
Is 21 a factor of 3696?
True
Does 9 divide 2236?
False
Does 24 divide 47588?
False
Does 131 divide 4467?
False
Is 8650 a multiple of 173?
True
Is 13 a factor of 65?
True
Does 95 divide 540?
False
Is 42 a factor of 5922?
True
Is 27 a factor of 1647?
True
Is 14 a factor of 8764?
True
Does 24 divide 312?
True
Is 9306 a multiple of 34?
False
Is 7 a factor of 568?
False
Is 9 a factor of 76392?
True
Does 44 divide 1496?
True
Does 28 divide 840?
True
Is 107 a factor of 19260?
True
Is 28 a factor of 253?
False
Is 7373 a multiple of 34?
False
Is 26 a factor of 12480?
True
Is 936 a multiple of 4?
True
Is 4764 a multiple of 6?
True
Is 8365 a multiple of 7?
True
Does 75 divide 600?
True
Is 1258 a multiple of 21?
False
Is 5904 a multiple of 6?
True
Is 405 a multiple of 15?
True
Is 123 a factor of 23752?
False
Does 105 divide 3109?
False
Is 43 a factor of 4461?
False
Is 21 a factor of 4672?
False
Is 2350 a multiple of 10?
True
Does 40 divide 1920?
True
Is 19 a factor of 12768?
True
Is 825 a multiple of 11?
True
Does 2 divide 2655?
False
Is 2081 a multiple of 7?
False
Does 52 divide 18304?
True
Does 106 divide 5615?
False
Does 133 divide 11734?
False
Is 1320 a multiple of 30?
True
Does 39 divide 991?
False
Is 7140 a multiple of 17?
True
Is 19320 a multiple of 21?
True
Does 139 divide 30441?
True
Does 81 divide 1458?
True
Is 1053 a multiple of 81?
True
Is 12 a factor of 600?
True
Is 7 a factor of 357?
True
Does 28 divide 1456?
True
Does 80 divide 2844?
False
Is 8316 a multiple of 18?
True
Does 2 divide 3344?
True
Is 101 a factor of 3434?
True
Does 9 divide 1584?
True
Does 38 divide 152?
True
Is 18 a factor of 2990?
False
Is 4 a factor of 2356?
True
Is 11 a factor of 770?
True
Is 38 a factor of 1660?
False
Does 144 divide 1411?
False
Does 12 divide 7740?
True
Is 34 a factor of 3604?
True
Is 16 a factor of 31920?
True
Does 6 divide 6032?
False
Is 29240 a multiple of 136?
True
Is 728 a multiple of 13?
True
Is 1304 a multiple of 10?
False
Does 15 divide 90?
True
Is 29 a factor of 1463?
False
Does 5 divide 30?
True
Is 9680 a multiple of 15?
False
Is 1191 a multiple of 13?
False
Is 66 a multiple of 14?
False
Does 45 divide 1170?
True
Is 24 a factor of 619?
False
Is 5 a factor of 97?
False
Is 524 a multiple of 22?
False
Does 8 divide 1146?
False
Does 16 divide 24994?
False
Does 5 divide 50?
True
Does 138 divide 104880?
True
Is 14 a factor of 98?
True
Does 15 divide 1050?
True
Is 3 a factor of 14382?
True
Does 65 divide 2925?
True
Is 3848 a multiple of 13?
True
Is 8 a factor of 181?
False
Does 116 divide 8471?
False
Is 6 a factor of 224?
False
Is 6 a factor of 7536?
True
Does 12 divide 876?
True
Does 17 divide 10608?
True
Is 61 a factor of 427?
True
Is 558 a multiple of 5?
False
Is 1248 a multiple of 13?
True
Is 17 a factor of 935?
True
Does 24 divide 33168?
True
Does 121 divide 32791?
True
Is 357 a multiple of 21?
True
Does 17 divide 4922?
False
Does 3 divide 3092?
False
Is 25 a factor of 2725?
True
Does 10 divide 16516?
False
Does 109 divide 601?
False
Does 19 divide 3464?
False
Does 53 divide 3657?
True
Does 5 divide 985?
True
Is 18 a factor of 18?
True
Is 53 a factor of 5247?
True
Is 21758 a multiple of 5?
False
Is 19 a factor of 333?
False
Does 6 divide 99?
False
Does 4 divide 1129?
False
Is 4456 a multiple of 20?
False
Is 7650 even?
True
Is 12 a factor of 33564?
True
Does 4 divide 304?
True
Does 16 divide 12533?
False
Is 91940 a multiple of 10?
True
Does 33 divide 264?
True
Does 2 divide 372?
True
Does 43 divide 2279?
True
Does 22 divide 1250?
False
Does 12 divide 60?
True
Is 56 a factor of 3538?
False
Does 63 divide 63?
True
Is 9 a factor of 63?
True
Is 9533 a multiple of 19?
False
Is 600 a multiple of 15?
True
Is 142 a factor of 42289?
False
Is 853 a multiple of 13?
False
Does 15 divide 1639?
False
Is 25003 a multiple of 51?
False
Is 1560 a multiple of 65?
True
Is 3258 a multiple of 6?
True
Does 12 divide 1308?
True
Does 21 divide 9271?
False
Does 208 divide 1456?
True
Is 541 a multiple of 13?
False
Does 77 divide 308?
True
Is 41 a factor of 501?
False
Is 25 a factor of 36908?
False
Does 18 divide 1074?
False
Is 10 a factor of 150?
True
Is 609 a multiple of 29?
True
Is 11 a factor of 1056?
True
Is 7214 a multiple of 18?
False
Is 16 a factor of 24160?
True
Is 13 a factor of 3314?
False
Does 19 divide 59207?
False
Does 8 divide 16178?
False
Does 334 divide 1486?
False
Is 59554 a multiple of 127?
False
Is 3029 a multiple of 13?
True
Is 27 a factor of 27783?
True
Is 54 a factor of 6901?
False
Is 35 a factor of 7265?
False
Does 14 divide 600?
False
Is 32319 a multiple of 7?
True
Is 16650 a multiple of 30?
True
Is 38226 a multiple of 23?
True
Is 37312 a multiple of 22?
True
Is 302 a multiple of 2?
True
Is 52 a factor of 2675?
False
Is 23582 a multiple of 14?
False
Is 12 a factor of 18860?
False
Does 39 divide 897?
True
Is 2 a factor of 264?
True
Does 83 divide 2127?
False
Does 67 divide 2881?
True
Is 47953 a multiple of 79?
True
Is 29 a factor of 2666?
False
Does 36 divide 803?
False
Does 17 divide 3128?
True
Does 54 divide 132?
False
Does 41 divide 12956?
True
Does 114 divide 5884?
False
Is 2772 a multiple of 11?
True
Is 66 a multiple of 3?
True
Is 43 a factor of 3010?
True
Is 93 a factor of 17112?
True
Is 9 a factor of 747?
True
Does 43 divide 1849?
True
Is 26231 a multiple of 54?
False
Does 11 divide 66?
True
Is 78 a factor of 40807?
False
Does 10 divide 250?
True
Does 10 divide 8070?
True
Is 910 a multiple of 27?
False
Does 10 divide 3860?
True
Is 465 a multiple of 15?
True
Is 152 a factor of 14185?
False
Is 1867 a multiple of 34?
False
Is 12 a factor of 16?
False
Does 13 divide 10608?
True
Is 126 a multiple of 8?
False
Is 62 a multiple of 5?
False
Is 503 a multiple of 16?
False
Is 68 a multiple of 19?
False
Does 24 divide 864?
True
Is 35604 a multiple of 36?
True
Is 22679 a multiple of 131?
False
Does 20 divide 17071?
False
Is 3 a factor of 2161?
False
Is 386 a multiple of 8?
False
Is 11 a factor of 27379?
True
Does 2 divide 3762?
True
Is 17 a factor of 18327?
False
Is 44 a factor of 792?
True
Does 15 divide 6420?
True
Is 109 a factor of 7251?
False
Is 6 a factor of 3234?
True
Is 34 a factor of 16252?
True
Does 4 divide 2225?
False
Does 25 divide 22026?
False
Is 24 a factor of 15504?
True
Is 603 a multiple of 9?
True
Is 1885 a multiple of 43?
False
Is 11 a factor of 22782?
False
Does 10 divide 14000?
True
Is 3679 a multiple of 32?
False
Does 219 divide 21900?
True
Is 59 a factor of 3245?
True
Is 8946 a multiple of 42?
True
Does 13 divide 333?
False
Is 1090 a multiple of 15?
False
Does 73 divide 43435?
True
Does 75 divide 3932?
False
Does 16 divide 496?
True
Is 21 a factor of 2709?
True
Is 3034 a multiple of 74?
True
Is 1399 a multiple of 16?
False
Is 188 a multiple of 10?
False
Is 37507 a multiple of 22?
False
Is 23 a factor of 15985?
True
